t common divisor of 6860 and 1225?
245
What is the highest common factor of 3645820 and 680?
340
What is the greatest common factor of 18 and 686934?
18
Calculate the greatest common divisor of 56027 and 358.
179
Calculate the greatest common factor of 115277 and 2788.
17
What is the highest common factor of 52105 and 2452?
613
What is the greatest common divisor of 664450 and 100?
50
Calculate the greatest common divisor of 1939181 and 206.
103
What is the highest common factor of 12972 and 12?
12
Calculate the highest common factor of 100100 and 16170.
770
What is the greatest common divisor of 17892 and 756?
252
Calculate the greatest common divisor of 114 and 61940.
38
What is the highest common factor of 74199 and 2?
1
Calculate the highest common factor of 2010 and 5480.
10
What is the greatest common factor of 105 and 73940?
5
What is the greatest common divisor of 114 and 349?
1
Calculate the greatest common factor of 270976 and 2668.
116
Calculate the highest common divisor of 186907 and 14.
7
What is the greatest common factor of 6572090 and 10?
10
Calculate the highest common divisor of 68064 and 1104.
48
What is the highest common divisor of 247 and 3477?
19
What is the highest common divisor of 1027 and 5609?
79
What is the greatest common factor of 22011 and 79431?
957
Calculate the highest common divisor of 52 and 5044.
52
What is the greatest common divisor of 12685 and 1475?
295
What is the greatest common factor of 117 and 377?
13
Calculate the highest common factor of 902181 and 14.
7
Calculate the highest common factor of 127 and 868553.
127
Calculate the highest common divisor of 98990 and 170.
10
What is the highest common factor of 60 and 54380?
20
Calculate the highest common divisor of 432 and 25308.
36
Calculate the greatest common factor of 2116 and 8832.
92
Calculate the greatest common factor of 19278 and 205870.
238
What is the highest common divisor of 98 and 36526?
14
Calculate the highest common divisor of 3300 and 425370.
330
What is the highest common factor of 30 and 24980?
10
Calculate the highest common factor of 6592 and 40.
8
What is the highest common factor of 106 and 94499?
53
What is the highest common divisor of 16121 and 564?
47
What is the greatest common divisor of 7675962 and 266?
266
Calculate the greatest common divisor of 15 and 233075.
5
Calculate the greatest common factor of 36 and 257988.
12
Calculate the greatest common factor of 530 and 247510.
530
What is the highest common factor of 339548 and 308?
44
Calculate the greatest common factor of 112 and 6432076.
28
Calculate the highest common divisor of 19805 and 2686.
17
Calculate the greatest common factor of 96 and 1068888.
24
What is the greatest common divisor of 143 and 808379?
143
What is the highest common factor of 2535 and 2340?
195
Calculate the highest common divisor of 21726 and 918.
306
What is the highest common divisor of 658752 and 8176?
1168
What is the greatest common divisor of 169216 and 48?
16
What is the highest common divisor of 44 and 32098?
22
What is the greatest common factor of 14487 and 363?
33
Calculate the greatest common factor of 2240 and 12592.
16
What is the greatest common factor of 1112 and 7040?
8
Calculate the highest common factor of 313 and 2734055.
313
Calculate the greatest common factor of 212010 and 1850.
370
What is the highest common factor of 2006 and 153?
17
Calculate the greatest common factor of 32 and 2010080.
32
What is the highest common divisor of 350 and 9485?
35
What is the highest common divisor of 9891 and 693?
63
What is the highest common divisor of 282 and 24064?
94
What is the greatest common divisor of 650 and 73775?
325
Calculate the greatest common divisor of 34326 and 90.
18
What is the greatest common factor of 38 and 117097?
19
What is the highest common factor of 2056 and 7768?
8
Calculate the highest common divisor of 22 and 336105.
11
What is the greatest common factor of 1520753 and 52?
13
Calculate the greatest common divisor of 3252 and 36.
12
What is the greatest common factor of 448 and 57484?
28
What is the greatest common divisor of 814 and 4499?
11
What is the greatest common divisor of 15211 and 53?
53
What is the highest common divisor of 36175 and 50?
25
Calculate the highest common divisor of 25 and 2774425.
25
Calculate the highest common divisor of 24 and 12702.
6
Calculate the highest common divisor of 92 and 7276.
4
Calculate the greatest common factor of 1116 and 3600.
36
Calculate the greatest common factor of 72 and 9216.
72
What is the greatest common divisor of 571181 and 689?
689
What is the highest common factor of 93 and 1976715?
93
Calculate the highest common divisor of 50 and 607450.
50
What is the highest common factor of 1126548 and 1824?
228
What is the greatest common factor of 1308 and 927699?
327
Calculate the greatest common factor of 470345 and 456.
19
Calculate the highest common factor of 98917 and 3549.
91
Calculate the greatest common factor of 75 and 1065.
15
What is the highest common divisor of 80053 and 3757?
289
Calculate the greatest common divisor of 5022 and 22506.
186
Calculate the greatest common factor of 341 and 4180.
11
Calculate the greatest common divisor of 510493 and 34.
17
Calculate the highest common divisor of 692 and 189262.
346
What is the highest common factor of 624 and 2187172?
52
Calculate the greatest common factor of 192225 and 33.
33
Calculate the greatest common factor of 11664 and 17244.
36
Calculate the greatest common factor of 222 and 35298.
222
Calculate the greatest common divisor of 322 and 125874.
14
Calculate the highest common factor of 35 and 5114095.
35
What is the highest common factor of 156 and 681?
3
Calculate the highest common divisor of 452 and 2825791.
113
What is the greatest common factor of 4633 and 9881?
41
Calculate the highest common factor of 368 and 62.
2
What is the highest common factor of 3429925 and 75?
25
Calculate the greatest common factor of 1020 and 11883.
51
Calculate the highest common factor of 136 and 306.
34
What is the greatest common factor of 276575 and 299?
299
Calculate the greatest common divisor of 3695323 and 734.
367
What is the highest common factor of 465 and 201270?
15
Calculate the greatest common divisor of 1632 and 918408.
408
Calculate the highest common factor of 931161 and 693.
231
Calculate the greatest common factor of 350 and 7924.
14
What is the highest common factor of 36 and 33507?
9
What is the highest common divisor of 19147 and 3269?
467
Calculate the highest common divisor of 208 and 24414.
26
What is the greatest common factor of 40 and 4330?
10
Calculate the highest common factor of 251440 and 6020.
140
What is the highest common divisor of 76222 and 3404?
46
What is the highest common divisor of 30 and 14590?
10
Calculate the highest common factor of 4681 and 1661.
151
What is the highest common factor of 13079 and 197989?
451
What is the highest common divisor of 891 and 7095?
33
What is the highest common divisor of 4573 and 1224?
17
What is the greatest common factor of 949752 and 72?
72
Calculate the greatest common factor of 40 and 69220.
20
Calculate the highest common divisor of 234 and 272142.
234
What is the highest common divisor of 42 and 123242?
14
Calculate the highest common factor of 11396 and 4312.
308
What is the greatest common divisor of 592164 and 108?
108
What is the greatest common divisor of 21306156 and 1052?
1052
What is the highest common factor of 1098053 and 11?
11
What is the greatest common factor of 9775 and 254725?
575
Calculate the highest common divisor of 63965 and 5.
5
What is the greatest common divisor of 10735 and 6215?
565
Calculate the greatest common factor of 76483 and 55215.
409
What is the highest common factor of 856 and 1336?
8
Calculate the highest common factor of 3024 and 15276.
12
What is the greatest common factor of 10901 and 11?
11
Calculate the greatest common factor of 48 and 2568.
24
Calculate the highest common divisor of 3791 and 1462657.
223
What is the highest common divisor of 12 and 19347?
3
What is the greatest common divisor of 1066 and 754?
26
Calculate the greatest common divisor of 9401 and 81844.
553
Calculate the highest common factor of 6086 and 537.
17